?
47
(268 - (-31 - -153)) + -38
108
Evaluate -23 + (3 - -7 - 43).
-56
Evaluate -67 + 2 - (-11 + 0 + (-63 + 81 - 5)).
-67
What is -3 + (24 - 48) - -19?
-8
Calculate 6 + -1 + (6 - (45 - 31)) - (-6 + 73).
-70
Calculate (0 - -26) + (-3 + 0 - (-7 + 0 - -17)).
13
(3 - -52) + -6 + 75
124
-5 + (9 - 32) + 143 - 1 - (-15 + 3)
126
7 + -26 + 21 + (139 - -13)
154
Calculate -35 - (178 - 172 - (2 + 136)).
97
What is (7 - -56 - 6) + (32 + -13 + -11 - 10)?
55
33 - (-1 + 37 + -11)
8
Evaluate 64 + 4 - (489 - 452).
31
What is the value of (-3 - -136) + (-9 - 163 - -151)?
112
46 + -12 - (17 + 41 + 118)
-142
What is the value of (1 - 41) + 118 + -41?
37
-89 + -56 + 10 + 70
-65
What is the value of (57 - -45) + -90 - (-1 + 0 - 6)?
19
Evaluate 57 - (-101 + (8 - -181)).
-31
Evaluate (4 - -4) + 40 + 63 + -75 - (1 - 2).
37
What is the value of 40 - (-97 - -126) - (-66 + (1 + 0 - 2))?
78
What is the value of 61 + 0 + 4667 + -4654?
74
Calculate 30 + (18 - (53 - (-15 - -30))).
10
What is the value of (3 - -1) + (-1 - ((-15 - -21) + -6))?
3
What is the value of -6 + (8 - (-9 + -7))?
18
Calculate -258 + 232 - (27 - -3).
-56
Evaluate (1 + 25 - -1) + (-1906 - -1892) + 37.
50
Calculate -1 + 11 - (18 + -10 + (23 - 8 - 0)).
-13
What is the value of -24 + ((5 - -2) + 2 + -14 - -6)?
-23
-3 + (3 - -3) - (94 - (72 + -40))
-59
What is the value of (56 - (-26 - -67)) + 4 + 1?
20
-2468 + 2357 + 82 + 1
-28
Evaluate 128 + (-202 - (15 + -68)).
-21
(-4 - (-65 + 40) - (-1 + 25)) + (44 - -1)
42
Evaluate -14 + -60 + 152 + -38.
40
What is -94 - (18 + 40 - 50 - (11 + 0))?
-91
What is -6 - 5 - (202 + -173)?
-40
-19 + (22 - (-27 + (32 - -12)))
-14
7 + (-1 - 56) + (12 - (-60 + 72)) + 5
-45
Evaluate -3 + 3 - (-25 - 82 - -23 - -2).
82
10 + 16 + -12 - (36 - 18)
-4
Calculate -6 - (-87 + 66 + 19 + 0 + (1 - 19)).
14
-15 + (-6 - 3) + 3 + 16 + -1 - 57
-63
-5 + -1 + (-13 - (12 + -22)) - -63
54
-57 + -15 + 83 + -104
-93
(47 - (4 - -4 - 21)) + -1 + -10
49
What is the value of 37 + -70 + 12 - (-29 + 0)?
8
(158 - 232) + 115 - (-4 + 0 + 0)
45
Calculate 44 + -1 + 44 + -5 + -51.
31
What is the value of (47 - (-17 + 0)) + 26 + (7 - 16)?
81
What is 14 + 0 + (-78 - -43) + (49 - 10)?
18
What is the value of 55 + (-7 - ((-11 - (7 - (-10 + 3))) + 10))?
63
What is the value of 7 + (13 + (-2 - -3) - (1017 - 1051))?
55
Calculate 4 + (0 - 5) - (-13 - (2 + -12)) - 90.
-88
What is the value of -71 + (-12 - 0 - (39 + -4) - -21)?
-97
Evaluate 116 - (-141 + 61 + 231).
-35
What is the value of 13 + (8 - 5 - -7) + -16?
7
Evaluate 87 - -4 - 58 - 1.
32
Calculate -29 + 0 + -85 + 84 + -1 + 1 - -10.
-20
(-31 - 2) + (-1087 - -1144)
24
Evaluate -72 + 32 - (160 + -216).
16
120 + (-26 - (-41 + 21) - -17 - 13)
118
6 + (-13 - 0) - (3 + 10 - (18 + 0))
-2
Calculate (-63 - -47) + 66 - -22.
72
What is the value of 3 - -16 - (-79 + 81) - -15?
32
-71 - (-21 + 7 + -29)
-28
Calculate 44 - -1 - (-524 + 189 - -413).
-33
Calculate (1 - 3) + 28 - (35 + -106 - -86).
11
-34 + 47 + 14 + (-30 - 2)
-5
0 + 36 + -13 + 37 + -21 + -14 + 22
47
-29 - -1 - (63 + (18 - 69))
-40
What is 7 - (-20 + -13 + 16 - -12)?
12
Calculate -1 - (-38 - 2) - (299 + -292).
32
What is the value of 13 + -10 + -11 + -78 - -30?
-56
Evaluate -57 - (-88 + (-52 - -32)).
51
(-232 - -176 - (-1 + -26)) + 104
75
What is 88 - (-9 + 61 + -22)?
58
What is the value of -159 + 174 + -5 + -44?
-34
(-18 - (-8 - -22 - 18)) + -11 + -3
-28
What is the value of 40 + -7 + -16 + -1?
16
What is -4 + -14 + 6 + (-3 - 1) - (-2 - 9)?
-5
What is the value of -47 - (63 + -49 + -4 - (13 - 1))?
-45
What is the value of -47 + 207 + -95 + -99?
-34
Calculate 73 + 26 + -15 + 5 + 10 + -9 + -9.
81
Calculate (-7 + 9 - (-3 + 1 - -4)) + 213 + -165.
48
What is -6 + (-48 + 3 - -20)?
-31
What is the value of 14 + -3 + (-10 - 60) + 2 + 9?
-48
-20 + 151 - (126 - 51)
56
What is 10 - (72 - (7 - (8 + (-7 - (-15 - -3)))))?
-68
What is -3 + (-4 - (-1 + -1)) + 11?
6
What is the value of (-15 - -27) + (-4 - (-19 + 9) - -9)?
27
What is the value of 4 + (317 + -92 - 118)?
111
Calculate (-5 + 52 - (62 - 36)) + 84 - (1 + 14).
90
What is the value of (-96 - (0 - (1 - -1))) + (71594 - 71593)?
-93
-6 - (6 - 6) - (-47 - (7 + -2 - 1))
45
-6 - (13 + -21) - 6 - (-11 - 10)
17
What is (0 - (-2 + -5 - -5)) + (-187 - -182) + 97?
94
What is (43 + -37 - -10) + 9?
25
(-67 - -72 - (6 - 6)) + (1 - 25)
-19
What is the value of 11 - (9 - (-6 + (-41 - -2))) - 14?
-57
Evaluate 3 + (-7 + 3 + 13 + -16 - -14).
10
Evaluate -19 - (-11 + -21) - (0 + 4 + -6 - 16).
31
Calculate -4 + 31 + (27 - (19 + -23)).
58
Calculate 2 - 10 - 2 - (197 - 200).
-7
What is -167 + 167 + (-39 - 6)?
-45
(-9 - (-22 + (3 - -3))) + 30
37
Calculate 54 + -1 - (-127 - (77 - 176)).
81
(152 - (60 - 37)) + -66
63
What is 1407 + -1408 + 0 + 0 + (-2 - -2) + 48?
47
Calculate (1 - 4) + (15 - 8) - (69 - 76).
11
What is the value of (-24 - -7) + 19 - (7 + 35)?
-40
What is 32 + (16 + 2 - (-23 + (7 - -22)))?
44
142 - 91 - (-6 - 1 - (-2 + 0))
56
Calculate 1 + 4 - (21 - (13 + -20 + 16)).
-7
What is the value of -6 + 15 - (-14 + 9 + -37) - (3 + 1)?
47
-20 + (0 - 49) + (13 + -1 - 3)
-60
Calculate -15 + 60 + (-16 - -5) + -13.
21
-25 + (43 - 23) + 22
17
12 + -17 + (-1 - -13) - (-5 + -25)
37
What is -3 + 7 + (-10 - -1) + -18 + 28 + -45?
-40
(0 - -6) + (-16 - -5 - 8 - -49) - 6
30
Evaluate -48 + -25 + 24 + -9.
-58
What is the value of -3 + -10 - (-22 + (-19 + -9 - -8))?
29
(-5 - (-46 + 13 + 6)) + (9 - 47)
-16
Calculate (0 - (-18 + -3)) + (34 - (-17 - -36)).
36
(-232 - (-24 + -61)) + 86
-61
What is 10 + (9 - -18 - (-5 + 16))?
26
34 - (13 + -20 + 17 - -26)
-2
Calculate -2 + (-4 - (-43 + -29 + -26)).
92
-17 - (-4 + (-21 - -27 - 59))
40
Evaluate -6 + -5 + 25 - (-7 + (22 - -4) + 57).
-62
Calculate (95 - 42) + -13 - (-4 - -2 - -9).
33
What is -77 - (62 + (-33 - 168))?
62
-13 + (-1 - (10 + -20 + 7)) + 35
24
-4 + 5 - (13 + -25) - -3
16
What is the value of (11 + 7 - (1 + -2)) + (-80 - -86)?
25
-47 - -60 - (64 + 16)
-67
What is 1 - (1 - -40 - 21) - -113?
94
Calculate -9 + (-77 - (-88 + 30 + 18)).
-46
44 - (9 + (-4 + -5 - -2) - -11)
31
Evaluate (-31 - -6) + (117 - 90) + (3 + -2 - 15).
-12
What is 16 + (-10 - -1) - 9 - (7 + 29 + -7)?
-31
Evaluate -5 + (6 + -1 - (129 + -131) - 46 - 3).
-47
Calculate 16 + -4 + 7 + (12 - 2).
29
What is the value of (12 - -180) + -188 + (-1 + 25 - 0)?
28
4 - -1 - (6061 + -6188)
132
What is (-1 - 8) + (20 - (22 - 14 - 3)) + 61?
67
(-1 - -23) + -2837 + 2796
-19
What is 62 + (0 - 32 - -22 - 9)?
43
Evaluate -12 - -9 - 9 - (-19 - -13 - -19).
-25
Calculate (-61 - (-8 + (8 - (-13 + 4)))) + 7.
-63
What is the value of 2 - 71 - (1047 + -1106)?
-10
Calculate (3 + -7 - 3 - 2) + 30 + (-24 - 4).
-7
What is the value of 8352 - 8410 - (-45 - 1)?
-12
What is (-54 - (-4 - 3)) + 26?
-21
Evaluate -5 - (-28 - (5 - (20 + -26))).
34
Calculate -35 - (77 - 31) - (-3 + 17) - 17.
-112
What is (16 - -1) + 27 + -30 + -19 - -11?
6
What is the value of 41 - (41 + -39 - -21)?
18
Calculate -60 + (10 - -16 - -63).
29
What is the value of (2 - (-1 + 3)) + 26 + -41 + -35?
-50
-63 - (-145 - (-108 + 89))
63
What is 29 - (-48 + (-18 - -55) - (-1 - 1))?
38
1968 + -2003 - (-44 - 1) - (-1 + -12)
23
Calculate 14 + -7 + 2 + (-10 - (1 + (-13 - -3))).
8
What is 3 + -5 + -38 + 403 + -403?
-40
8 - (-2 + 26) - (-46 + 34)
-4
What is the value of 2 - 28 - (-1197 + 1219)?
-48
What is the value of (84 - -1) + (-235 - -212)?
62
Calculate 17 + (6 - 4) - 6 - (68 - 7).
-48
What is 1211 + -1101 + -149 + 4?
-35
Calculate (16 - 18) + (10 - 1) - (-77 - -82).
2
What is the value of 11 + (-23 - -19) + 137 + -16 - (2 + 1)?
125
109 + -54 + -61 + (4 - -1) - -4
3
Evaluate -43 - (-27 - (54 + -16 - 42)).
-20
What is 7 + -1 + -77 + 1 + (18 - 3) + -8?
-63
What is (-4 - (42 + 26)) + -4 + -8?
-84
(-1255 - -1271) + (17 - (4 + -4 + -1))
34
What is 17 + -94 + (-27 - -22) + 23?
-59
What is (18 - 84) + 239 + -276?
-103
What is -55 + (19 + -16 - -4)?
-48
Evaluate -9 - ((28 - (2 - 4)) + 252 + -259).
-32
Evaluate (15 - (33 + -10 - 15) - (1 - -30)) + 8.
-16
What is the value of -1254 + 1240 + (1 - 10 - 0)?
-23
What is the value of 1 - -8 - (18 + 3) - (-50 + -30)?
68
Calculate -9 + 0 + (141 - (-130 - -274)) + (-1 - 63).
-76
Calculate (-1 - -20) + 68 + -112 + 15 - 10.
-20
What is the value of -1 - -3 - (211 + -104 + -48)?
-57
Evaluate (5 - 6) + -7 + (9 + 57 - 5) + -16.
3